{"id":7,"date":"2023-10-07T14:09:20","date_gmt":"2023-10-07T12:09:20","guid":{"rendered":"https:\/\/la-ciegale.fr\/?page_id=7"},"modified":"2026-02-14T11:51:07","modified_gmt":"2026-02-14T10:51:07","slug":"accueil","status":"publish","type":"page","link":"https:\/\/la-ciegale.fr\/","title":{"rendered":"Accueil"},"content":{"rendered":"\n<div class=\"wp-block-cover alignfull wp-duotone-unset-1\" style=\"min-height:720px\"><span aria-hidden=\"true\" class=\"wp-block-cover__background has-background-dim wp-block-cover__gradient-background has-background-gradient\" style=\"background:linear-gradient(35deg,rgb(6,0,151) 0%,rgb(130,4,255) 73%,rgb(193,15,255) 100%)\"><\/span><img loading=\"lazy\" decoding=\"async\" width=\"2560\" height=\"1706\" class=\"wp-block-cover__image-background wp-image-30\" alt=\"\" src=\"http:\/\/la-ciegale.fr\/wp-content\/uploads\/2023\/12\/cigla1-scaled.jpg\" data-object-fit=\"cover\" srcset=\"https:\/\/la-ciegale.fr\/wp-content\/uploads\/2023\/12\/cigla1-scaled.jpg 2560w, https:\/\/la-ciegale.fr\/wp-content\/uploads\/2023\/12\/cigla1-300x200.jpg 300w, https:\/\/la-ciegale.fr\/wp-content\/uploads\/2023\/12\/cigla1-1024x683.jpg 1024w, https:\/\/la-ciegale.fr\/wp-content\/uploads\/2023\/12\/cigla1-768x512.jpg 768w, https:\/\/la-ciegale.fr\/wp-content\/uploads\/2023\/12\/cigla1-1536x1024.jpg 1536w, https:\/\/la-ciegale.fr\/wp-content\/uploads\/2023\/12\/cigla1-2048x1365.jpg 2048w\" sizes=\"(max-width: 2560px) 100vw, 2560px\" \/><div class=\"wp-block-cover__inner-container is-layout-flow wp-block-cover-is-layout-flow\">\n<div class=\"inherit-container-width wp-block-group alignwide is-layout-constrained wp-block-group-is-layout-constrained\">\n<div class=\"wp-block-media-text alignwide has-media-on-the-right is-stacked-on-mobile is-vertically-aligned-center\" style=\"grid-template-columns:auto 36%\"><div class=\"wp-block-media-text__content\">\n\n<h1 class=\"wp-block-heading has-text-align-left has-white-color has-text-color\">La Ciegale<\/h1>\n\n\n<p class=\"has-small-font-size\">Compagnie d&rsquo;Improvisation Ecl\u00e9ctique Grenobloise d&rsquo;Amateurices Libres et Enthousiastes<\/p>\n\n\n<div class=\"wp-block-buttons is-layout-flex wp-block-buttons-is-layout-flex\">\n\n<div class=\"wp-block-button is-style-fill\"><a class=\"wp-block-button__link wp-element-button\" href=\"#services\">Nous rencontrer<\/a><\/div>\n\n<\/div>\n\n<\/div><figure class=\"wp-block-media-text__media logo-mobile\"><img loading=\"lazy\" decoding=\"async\" width=\"1024\" height=\"944\" src=\"http:\/\/la-ciegale.fr\/wp-content\/uploads\/2023\/10\/cieagale-troubadour-1024x944.png\" alt=\"Logo de la ciegale\" class=\"wp-image-9 size-full\" srcset=\"https:\/\/la-ciegale.fr\/wp-content\/uploads\/2023\/10\/cieagale-troubadour-1024x944.png 1024w, https:\/\/la-ciegale.fr\/wp-content\/uploads\/2023\/10\/cieagale-troubadour-300x277.png 300w, https:\/\/la-ciegale.fr\/wp-content\/uploads\/2023\/10\/cieagale-troubadour-768x708.png 768w, https:\/\/la-ciegale.fr\/wp-content\/uploads\/2023\/10\/cieagale-troubadour.png 1380w\" sizes=\"(max-width: 1024px) 100vw, 1024px\" \/><\/figure><\/div>\n<\/div>\n<\/div><\/div>\n\n\n\n<div class=\"wp-block-group alignfull has-ast-global-color-5-background-color has-background is-layout-constrained wp-container-core-group-layout-2 wp-block-group-is-layout-constrained\" style=\"padding-bottom:0px\">\n<div class=\"wp-block-columns are-vertically-aligned-top is-layout-flex wp-container-core-columns-layout-1 wp-block-columns-is-layout-flex\">\n<div class=\"wp-block-column is-vertically-aligned-top is-layout-flow wp-container-core-column-layout-1 wp-block-column-is-layout-flow\">\n<figure class=\"wp-block-image size-large\"><img decoding=\"async\" src=\"https:\/\/la-ciegale.fr\/wp-content\/themes\/astra\/inc\/assets\/images\/starter-content\/building.svg\" alt=\"\" class=\"wp-image-134\"\/><\/figure>\n\n\n\n<h3 class=\"wp-block-heading has-text-align-left\" style=\"margin-top:16px\">100% Grenobloise<\/h3>\n\n\n\n<p class=\"has-text-align-left\">La Ciegale est grenobloise et fi\u00e8re de l&rsquo;\u00eatre!<\/p>\n<\/div>\n\n\n\n<div class=\"wp-block-column is-vertically-aligned-top is-layout-flow wp-container-core-column-layout-2 wp-block-column-is-layout-flow\">\n<figure class=\"wp-block-image size-large\"><img decoding=\"async\" src=\"https:\/\/la-ciegale.fr\/wp-content\/themes\/astra\/inc\/assets\/images\/starter-content\/shopping-bag.svg\" alt=\"\" class=\"wp-image-135\"\/><\/figure>\n\n\n\n<h3 class=\"wp-block-heading has-text-align-left\" style=\"margin-top:16px\">100% Mobile<\/h3>\n\n\n\n<p class=\"has-text-align-left\">Un \u00e9v\u00e8nement en t\u00eate? La Ciegale vient \u00e0 vous !!<\/p>\n<\/div>\n\n\n\n<div class=\"wp-block-column is-vertically-aligned-top is-layout-flow wp-container-core-column-layout-3 wp-block-column-is-layout-flow\">\n<figure class=\"wp-block-image size-large\"><img decoding=\"async\" src=\"https:\/\/la-ciegale.fr\/wp-content\/themes\/astra\/inc\/assets\/images\/starter-content\/blog.svg\" alt=\"\" class=\"wp-image-136\"\/><\/figure>\n\n\n\n<h3 class=\"wp-block-heading has-text-align-left\" style=\"margin-top:16px\">100% Impros!<\/h3>\n\n\n\n<p class=\"has-text-align-left\">L&rsquo;improvisation est le c\u0153ur de notre savoir-faire !<\/p>\n<\/div>\n\n\n\n<div class=\"wp-block-column is-vertically-aligned-top is-layout-flow wp-container-core-column-layout-4 wp-block-column-is-layout-flow\">\n<figure class=\"wp-block-image size-large\"><img decoding=\"async\" src=\"https:\/\/la-ciegale.fr\/wp-content\/themes\/astra\/inc\/assets\/images\/starter-content\/portfolio.svg\" alt=\"\" class=\"wp-image-137\"\/><\/figure>\n\n\n\n<h3 class=\"wp-block-heading has-text-align-left\" style=\"margin-top:16px\">100% Barr\u00e9\u00b7es<\/h3>\n\n\n\n<p class=\"has-text-align-left\">Une troupe taill\u00e9e \u00e0 votre humour!<\/p>\n<\/div>\n<\/div>\n<\/div>\n\n\n\n<div class=\"wp-block-group alignfull is-layout-constrained wp-container-core-group-layout-3 wp-block-group-is-layout-constrained\" id=\"services\" style=\"padding-top:144px;padding-bottom:0px\">\n<h2 class=\"wp-block-heading\">Agenda 2025 \/ 2026<\/h2>\n\n\n\n<div class=\"wp-block-columns is-layout-flex wp-container-core-columns-layout-2 wp-block-columns-is-layout-flex\" style=\"margin-top:50px\">\n<div class=\"wp-block-column is-layout-flow wp-container-core-column-layout-5 wp-block-column-is-layout-flow\">\n<h3 class=\"wp-block-heading\" style=\"margin-top:16px\">Le jour o\u00f9 &#8211; Seyssins- Espace Schoelcher &#8211; 7 mars<\/h3>\n\n\n\n<figure class=\"wp-block-image size-large\"><img loading=\"lazy\" decoding=\"async\" width=\"724\" height=\"1024\" src=\"https:\/\/la-ciegale.fr\/wp-content\/uploads\/2026\/02\/Jour-ou-724x1024.png\" alt=\"\" class=\"wp-image-181\" srcset=\"https:\/\/la-ciegale.fr\/wp-content\/uploads\/2026\/02\/Jour-ou-724x1024.png 724w, https:\/\/la-ciegale.fr\/wp-content\/uploads\/2026\/02\/Jour-ou-212x300.png 212w, https:\/\/la-ciegale.fr\/wp-content\/uploads\/2026\/02\/Jour-ou-768x1086.png 768w, https:\/\/la-ciegale.fr\/wp-content\/uploads\/2026\/02\/Jour-ou-1086x1536.png 1086w, https:\/\/la-ciegale.fr\/wp-content\/uploads\/2026\/02\/Jour-ou.png 1414w\" sizes=\"(max-width: 724px) 100vw, 724px\" \/><\/figure>\n\n\n\n<p>Les plus belles histoires sont les v\u00f4tres&nbsp;! Les com\u00e9dien.nes de la Ciegale s\u2019installent le temps d\u2019un soir au Jules Verne. Venez assister \u00e0 un spectacle enti\u00e8rement improvis\u00e9 o\u00f9 dialoguent les \u00e9v\u00e8nements marquants de votre vie, des anecdotes locales, vos petites habitudes. Sur sc\u00e8ne, vous red\u00e9couvrirez des instants de vie sous un nouveau jour o\u00f9 se m\u00ealeront rencontres inattendues, personnages color\u00e9s et \u00e9motions&nbsp;sinc\u00e8res.<\/p>\n<\/div>\n\n\n\n<div class=\"wp-block-column is-layout-flow wp-container-core-column-layout-6 wp-block-column-is-layout-flow\">\n<h3 class=\"wp-block-heading\" style=\"margin-top:16px\">Tic-Tac &#8211; Grenoble &#8211; Jules Vernes &#8211; 13 Mars<\/h3>\n\n\n\n<figure class=\"wp-block-image size-large\"><img loading=\"lazy\" decoding=\"async\" width=\"724\" height=\"1024\" src=\"https:\/\/la-ciegale.fr\/wp-content\/uploads\/2026\/02\/Affiche-tic-tacf-724x1024.jpg\" alt=\"\" class=\"wp-image-184\" srcset=\"https:\/\/la-ciegale.fr\/wp-content\/uploads\/2026\/02\/Affiche-tic-tacf-724x1024.jpg 724w, https:\/\/la-ciegale.fr\/wp-content\/uploads\/2026\/02\/Affiche-tic-tacf-212x300.jpg 212w, https:\/\/la-ciegale.fr\/wp-content\/uploads\/2026\/02\/Affiche-tic-tacf-768x1087.jpg 768w, https:\/\/la-ciegale.fr\/wp-content\/uploads\/2026\/02\/Affiche-tic-tacf-1085x1536.jpg 1085w, https:\/\/la-ciegale.fr\/wp-content\/uploads\/2026\/02\/Affiche-tic-tacf.jpg 1272w\" sizes=\"(max-width: 724px) 100vw, 724px\" \/><\/figure>\n\n\n\n<p>30 impro en une heure, tic-tac&#8230;.<\/p>\n<\/div>\n\n\n\n<div class=\"wp-block-column is-layout-flow wp-container-core-column-layout-7 wp-block-column-is-layout-flow\">\n<h3 class=\"wp-block-heading\" style=\"margin-top:16px\">Le jour o\u00f9 &#8211; Grenoble &#8211; Atelier du 8 &#8211; 28 mars<\/h3>\n\n\n\n<figure class=\"wp-block-image size-large\"><img loading=\"lazy\" decoding=\"async\" width=\"724\" height=\"1024\" src=\"https:\/\/la-ciegale.fr\/wp-content\/uploads\/2026\/02\/Jour-ou-724x1024.png\" alt=\"\" class=\"wp-image-181\" srcset=\"https:\/\/la-ciegale.fr\/wp-content\/uploads\/2026\/02\/Jour-ou-724x1024.png 724w, https:\/\/la-ciegale.fr\/wp-content\/uploads\/2026\/02\/Jour-ou-212x300.png 212w, https:\/\/la-ciegale.fr\/wp-content\/uploads\/2026\/02\/Jour-ou-768x1086.png 768w, https:\/\/la-ciegale.fr\/wp-content\/uploads\/2026\/02\/Jour-ou-1086x1536.png 1086w, https:\/\/la-ciegale.fr\/wp-content\/uploads\/2026\/02\/Jour-ou.png 1414w\" sizes=\"(max-width: 724px) 100vw, 724px\" \/><\/figure>\n\n\n\n<p>Les plus belles histoires sont les v\u00f4tres&nbsp;! Les com\u00e9dien.nes de la Ciegale s\u2019installent le temps d\u2019un soir \u00e0 la Murette. Venez assister \u00e0 un spectacle enti\u00e8rement improvis\u00e9 o\u00f9 dialoguent les \u00e9v\u00e8nements marquants de votre vie, des anecdotes locales, vos petites habitudes. Sur sc\u00e8ne, vous red\u00e9couvrirez des instants de vie sous un nouveau jour o\u00f9 se m\u00ealeront rencontres inattendues, personnages color\u00e9s et \u00e9motions&nbsp;sinc\u00e8res.<\/p>\n<\/div>\n<\/div>\n<\/div>\n\n\n\n<div class=\"wp-block-group alignfull has-ast-global-color-5-background-color has-background is-layout-constrained wp-container-core-group-layout-5 wp-block-group-is-layout-constrained\" id=\"about\" style=\"padding-top:143px;padding-bottom:144px\">\n<div class=\"wp-block-media-text has-media-on-the-right is-stacked-on-mobile is-vertically-aligned-center\"><div class=\"wp-block-media-text__content\">\n<div class=\"inherit-container-width wp-block-group is-layout-constrained wp-block-group-is-layout-constrained\" style=\"padding-right:80px\">\n<h2 class=\"wp-block-heading has-large-font-size\" style=\"padding-right:40px\">La Ciegale et ses ciegalou\u00b7tes<\/h2>\n\n\n\n<p>Plongez dans l&rsquo;univers captivant de La Ciegale, notre troupe de th\u00e9\u00e2tre d&rsquo;improvisation amateur bas\u00e9e \u00e0 Grenoble et compos\u00e9e de 16 membres passionn\u00e9\u00b7es et talentueux\u00b7ses.<\/p>\n\n\n\n<p>Ensemble, nous cr\u00e9ons des moments spontan\u00e9s et inoubliables sur sc\u00e8ne, explorant l&rsquo;art de l&rsquo;improvisation avec \u00e9nergie, cr\u00e9ativit\u00e9 et humour.<\/p>\n<\/div>\n<\/div><figure class=\"wp-block-media-text__media\"><img loading=\"lazy\" decoding=\"async\" width=\"1024\" height=\"771\" src=\"https:\/\/la-ciegale.fr\/wp-content\/uploads\/2023\/12\/cigale-barr-1024x771.png\" alt=\"\" class=\"wp-image-61 size-full\" srcset=\"https:\/\/la-ciegale.fr\/wp-content\/uploads\/2023\/12\/cigale-barr-1024x771.png 1024w, https:\/\/la-ciegale.fr\/wp-content\/uploads\/2023\/12\/cigale-barr-300x226.png 300w, https:\/\/la-ciegale.fr\/wp-content\/uploads\/2023\/12\/cigale-barr-768x578.png 768w, https:\/\/la-ciegale.fr\/wp-content\/uploads\/2023\/12\/cigale-barr.png 1349w\" sizes=\"(max-width: 1024px) 100vw, 1024px\" \/><\/figure><\/div>\n<\/div>\n\n\n\n<figure class=\"wp-block-gallery has-nested-images columns-default is-cropped wp-block-gallery-2 is-layout-flex wp-block-gallery-is-layout-flex\">\n<figure class=\"wp-block-image size-large\"><img loading=\"lazy\" decoding=\"async\" width=\"747\" height=\"1024\" data-id=\"163\" src=\"https:\/\/la-ciegale.fr\/wp-content\/uploads\/2024\/02\/audrey-747x1024.jpg\" alt=\"\" class=\"wp-image-163\" srcset=\"https:\/\/la-ciegale.fr\/wp-content\/uploads\/2024\/02\/audrey-747x1024.jpg 747w, https:\/\/la-ciegale.fr\/wp-content\/uploads\/2024\/02\/audrey-219x300.jpg 219w, https:\/\/la-ciegale.fr\/wp-content\/uploads\/2024\/02\/audrey-768x1052.jpg 768w, https:\/\/la-ciegale.fr\/wp-content\/uploads\/2024\/02\/audrey-1121x1536.jpg 1121w, https:\/\/la-ciegale.fr\/wp-content\/uploads\/2024\/02\/audrey.jpg 1302w\" sizes=\"(max-width: 747px) 100vw, 747px\" \/><\/figure>\n\n\n\n<figure class=\"wp-block-image size-large\"><img loading=\"lazy\" decoding=\"async\" width=\"680\" height=\"932\" data-id=\"82\" src=\"https:\/\/la-ciegale.fr\/wp-content\/uploads\/2023\/12\/chloe.jpg\" alt=\"\" class=\"wp-image-82\" srcset=\"https:\/\/la-ciegale.fr\/wp-content\/uploads\/2023\/12\/chloe.jpg 680w, https:\/\/la-ciegale.fr\/wp-content\/uploads\/2023\/12\/chloe-219x300.jpg 219w\" sizes=\"(max-width: 680px) 100vw, 680px\" \/><\/figure>\n\n\n\n<figure class=\"wp-block-image size-large\"><img loading=\"lazy\" decoding=\"async\" width=\"680\" height=\"932\" data-id=\"88\" src=\"https:\/\/la-ciegale.fr\/wp-content\/uploads\/2023\/12\/christelle.jpg\" alt=\"\" class=\"wp-image-88\" srcset=\"https:\/\/la-ciegale.fr\/wp-content\/uploads\/2023\/12\/christelle.jpg 680w, https:\/\/la-ciegale.fr\/wp-content\/uploads\/2023\/12\/christelle-219x300.jpg 219w\" sizes=\"(max-width: 680px) 100vw, 680px\" \/><\/figure>\n\n\n\n<figure class=\"wp-block-image size-large\"><img loading=\"lazy\" decoding=\"async\" width=\"680\" height=\"932\" data-id=\"92\" src=\"https:\/\/la-ciegale.fr\/wp-content\/uploads\/2023\/12\/coco.jpg\" alt=\"\" class=\"wp-image-92\" srcset=\"https:\/\/la-ciegale.fr\/wp-content\/uploads\/2023\/12\/coco.jpg 680w, https:\/\/la-ciegale.fr\/wp-content\/uploads\/2023\/12\/coco-219x300.jpg 219w\" sizes=\"(max-width: 680px) 100vw, 680px\" \/><\/figure>\n\n\n\n<figure class=\"wp-block-image size-large\"><img loading=\"lazy\" decoding=\"async\" width=\"680\" height=\"932\" data-id=\"83\" src=\"https:\/\/la-ciegale.fr\/wp-content\/uploads\/2023\/12\/florian.jpg\" alt=\"\" class=\"wp-image-83\" srcset=\"https:\/\/la-ciegale.fr\/wp-content\/uploads\/2023\/12\/florian.jpg 680w, https:\/\/la-ciegale.fr\/wp-content\/uploads\/2023\/12\/florian-219x300.jpg 219w\" sizes=\"(max-width: 680px) 100vw, 680px\" \/><\/figure>\n\n\n\n<figure class=\"wp-block-image size-large\"><img loading=\"lazy\" decoding=\"async\" width=\"680\" height=\"932\" data-id=\"81\" src=\"https:\/\/la-ciegale.fr\/wp-content\/uploads\/2023\/12\/guillaume.jpg\" alt=\"\" class=\"wp-image-81\" srcset=\"https:\/\/la-ciegale.fr\/wp-content\/uploads\/2023\/12\/guillaume.jpg 680w, https:\/\/la-ciegale.fr\/wp-content\/uploads\/2023\/12\/guillaume-219x300.jpg 219w\" sizes=\"(max-width: 680px) 100vw, 680px\" \/><\/figure>\n\n\n\n<figure class=\"wp-block-image size-large\"><img loading=\"lazy\" decoding=\"async\" width=\"680\" height=\"932\" data-id=\"84\" src=\"https:\/\/la-ciegale.fr\/wp-content\/uploads\/2023\/12\/laurent.jpg\" alt=\"\" class=\"wp-image-84\" srcset=\"https:\/\/la-ciegale.fr\/wp-content\/uploads\/2023\/12\/laurent.jpg 680w, https:\/\/la-ciegale.fr\/wp-content\/uploads\/2023\/12\/laurent-219x300.jpg 219w\" sizes=\"(max-width: 680px) 100vw, 680px\" \/><\/figure>\n\n\n\n<figure class=\"wp-block-image size-large\"><img loading=\"lazy\" decoding=\"async\" width=\"680\" height=\"932\" data-id=\"79\" src=\"https:\/\/la-ciegale.fr\/wp-content\/uploads\/2023\/12\/lea.jpg\" alt=\"\" class=\"wp-image-79\" srcset=\"https:\/\/la-ciegale.fr\/wp-content\/uploads\/2023\/12\/lea.jpg 680w, https:\/\/la-ciegale.fr\/wp-content\/uploads\/2023\/12\/lea-219x300.jpg 219w\" sizes=\"(max-width: 680px) 100vw, 680px\" \/><\/figure>\n\n\n\n<figure class=\"wp-block-image size-large\"><img loading=\"lazy\" decoding=\"async\" width=\"680\" height=\"932\" data-id=\"90\" src=\"https:\/\/la-ciegale.fr\/wp-content\/uploads\/2023\/12\/ludo.jpg\" alt=\"\" class=\"wp-image-90\" srcset=\"https:\/\/la-ciegale.fr\/wp-content\/uploads\/2023\/12\/ludo.jpg 680w, https:\/\/la-ciegale.fr\/wp-content\/uploads\/2023\/12\/ludo-219x300.jpg 219w\" sizes=\"(max-width: 680px) 100vw, 680px\" \/><\/figure>\n\n\n\n<figure class=\"wp-block-image size-large\"><img loading=\"lazy\" decoding=\"async\" width=\"680\" height=\"932\" data-id=\"85\" src=\"https:\/\/la-ciegale.fr\/wp-content\/uploads\/2023\/12\/Marion.jpg\" alt=\"\" class=\"wp-image-85\" srcset=\"https:\/\/la-ciegale.fr\/wp-content\/uploads\/2023\/12\/Marion.jpg 680w, https:\/\/la-ciegale.fr\/wp-content\/uploads\/2023\/12\/Marion-219x300.jpg 219w\" sizes=\"(max-width: 680px) 100vw, 680px\" \/><\/figure>\n\n\n\n<figure class=\"wp-block-image size-large\"><img loading=\"lazy\" decoding=\"async\" width=\"680\" height=\"932\" data-id=\"86\" src=\"https:\/\/la-ciegale.fr\/wp-content\/uploads\/2023\/12\/milene.jpg\" alt=\"\" class=\"wp-image-86\" srcset=\"https:\/\/la-ciegale.fr\/wp-content\/uploads\/2023\/12\/milene.jpg 680w, https:\/\/la-ciegale.fr\/wp-content\/uploads\/2023\/12\/milene-219x300.jpg 219w\" sizes=\"(max-width: 680px) 100vw, 680px\" \/><\/figure>\n\n\n\n<figure class=\"wp-block-image size-large\"><img loading=\"lazy\" decoding=\"async\" width=\"680\" height=\"932\" data-id=\"87\" src=\"https:\/\/la-ciegale.fr\/wp-content\/uploads\/2023\/12\/philippe.jpg\" alt=\"\" class=\"wp-image-87\" srcset=\"https:\/\/la-ciegale.fr\/wp-content\/uploads\/2023\/12\/philippe.jpg 680w, https:\/\/la-ciegale.fr\/wp-content\/uploads\/2023\/12\/philippe-219x300.jpg 219w\" sizes=\"(max-width: 680px) 100vw, 680px\" \/><\/figure>\n\n\n\n<figure class=\"wp-block-image size-large\"><img loading=\"lazy\" decoding=\"async\" width=\"680\" height=\"932\" data-id=\"91\" src=\"https:\/\/la-ciegale.fr\/wp-content\/uploads\/2023\/12\/romain.jpg\" alt=\"\" class=\"wp-image-91\" srcset=\"https:\/\/la-ciegale.fr\/wp-content\/uploads\/2023\/12\/romain.jpg 680w, https:\/\/la-ciegale.fr\/wp-content\/uploads\/2023\/12\/romain-219x300.jpg 219w\" sizes=\"(max-width: 680px) 100vw, 680px\" \/><\/figure>\n\n\n\n<figure class=\"wp-block-image size-large\"><img loading=\"lazy\" decoding=\"async\" width=\"680\" height=\"932\" data-id=\"89\" src=\"https:\/\/la-ciegale.fr\/wp-content\/uploads\/2023\/12\/vio.jpg\" alt=\"\" class=\"wp-image-89\" srcset=\"https:\/\/la-ciegale.fr\/wp-content\/uploads\/2023\/12\/vio.jpg 680w, https:\/\/la-ciegale.fr\/wp-content\/uploads\/2023\/12\/vio-219x300.jpg 219w\" sizes=\"(max-width: 680px) 100vw, 680px\" \/><\/figure>\n\n\n\n<figure class=\"wp-block-image size-large\"><img loading=\"lazy\" decoding=\"async\" width=\"747\" height=\"1024\" data-id=\"166\" src=\"https:\/\/la-ciegale.fr\/wp-content\/uploads\/2024\/02\/pierre-747x1024.jpg\" alt=\"\" class=\"wp-image-166\" srcset=\"https:\/\/la-ciegale.fr\/wp-content\/uploads\/2024\/02\/pierre-747x1024.jpg 747w, https:\/\/la-ciegale.fr\/wp-content\/uploads\/2024\/02\/pierre-219x300.jpg 219w, https:\/\/la-ciegale.fr\/wp-content\/uploads\/2024\/02\/pierre-768x1052.jpg 768w, https:\/\/la-ciegale.fr\/wp-content\/uploads\/2024\/02\/pierre-1121x1536.jpg 1121w, https:\/\/la-ciegale.fr\/wp-content\/uploads\/2024\/02\/pierre.jpg 1302w\" sizes=\"(max-width: 747px) 100vw, 747px\" \/><\/figure>\n\n\n\n<figure class=\"wp-block-image size-large\"><img loading=\"lazy\" decoding=\"async\" width=\"747\" height=\"1024\" data-id=\"165\" src=\"https:\/\/la-ciegale.fr\/wp-content\/uploads\/2024\/02\/Stephane-card-747x1024.jpg\" alt=\"\" class=\"wp-image-165\" srcset=\"https:\/\/la-ciegale.fr\/wp-content\/uploads\/2024\/02\/Stephane-card-747x1024.jpg 747w, https:\/\/la-ciegale.fr\/wp-content\/uploads\/2024\/02\/Stephane-card-219x300.jpg 219w, https:\/\/la-ciegale.fr\/wp-content\/uploads\/2024\/02\/Stephane-card-768x1052.jpg 768w, https:\/\/la-ciegale.fr\/wp-content\/uploads\/2024\/02\/Stephane-card-1121x1536.jpg 1121w, https:\/\/la-ciegale.fr\/wp-content\/uploads\/2024\/02\/Stephane-card.jpg 1302w\" sizes=\"(max-width: 747px) 100vw, 747px\" \/><\/figure>\n<\/figure>\n\n\n\n<div class=\"wp-block-group alignfull has-ast-global-color-4-background-color has-background is-layout-constrained wp-container-core-group-layout-6 wp-block-group-is-layout-constrained\" id=\"reviews\">\n<figure class=\"wp-block-image aligncenter size-full\"><img decoding=\"async\" src=\"https:\/\/la-ciegale.fr\/wp-content\/themes\/astra\/inc\/assets\/images\/starter-content\/avatar.png\" alt=\"\" class=\"wp-image-235\"\/><\/figure>\n\n\n\n<p class=\"has-text-align-center\" style=\"font-size:22px;line-height:1.6\">\u201cAvant, j&rsquo;\u00e9tais \u00ab boomer \u00bb et j&rsquo;allais au cin\u00e9ma. Ensuite, je suis pass\u00e9 au statut de \u00ab has-been \u00bb en fr\u00e9quentant le th\u00e9\u00e2tre classique&#8230; Ce n&rsquo;est qu&rsquo;apr\u00e8s avoir vu la Ciegale que mon swag est arriv\u00e9.\u201d<\/p>\n\n\n\n<p class=\"has-text-align-center\"><strong>Jean Bourdin<\/strong><\/p>\n\n\n\n<p class=\"has-text-align-center\">  \u00ab\u00a0P\u00e8re moderne\u00a0\u00bb<\/p>\n<\/div>\n\n\n\n<div class=\"wp-block-group alignfull is-layout-constrained wp-container-core-group-layout-7 wp-block-group-is-layout-constrained\" id=\"whyus\" style=\"padding-top:144px;padding-bottom:144px\">\n<h2 class=\"wp-block-heading\">La Ciegale .. \u00e7a vous gagne!!<\/h2>\n\n\n\n<div class=\"wp-block-columns is-layout-flex wp-container-core-columns-layout-3 wp-block-columns-is-layout-flex\" style=\"margin-top:60px\">\n<div class=\"wp-block-column is-layout-flow wp-container-core-column-layout-8 wp-block-column-is-layout-flow\">\n<figure class=\"wp-block-image size-large\"><img decoding=\"async\" src=\"https:\/\/la-ciegale.fr\/wp-content\/themes\/astra\/inc\/assets\/images\/starter-content\/passionate.svg\" alt=\"\" class=\"wp-image-162\"\/><\/figure>\n\n\n\n<h3 class=\"wp-block-heading\" style=\"margin-top:16px\">Rejoignez-nous!<\/h3>\n\n\n\n<p style=\"font-size:17px\">N&rsquo;h\u00e9sitez pas \u00e0 prendre contact avec nous pour contribuer \u00e0 notre dynamisme (sous r\u00e9serve de participation \u00e0 un atelier et d&rsquo;un coup de c\u0153ur dans les deux sens).<\/p>\n<\/div>\n\n\n\n<div class=\"wp-block-column is-layout-flow wp-container-core-column-layout-9 wp-block-column-is-layout-flow\">\n<figure class=\"wp-block-image size-large\"><img decoding=\"async\" src=\"https:\/\/la-ciegale.fr\/wp-content\/themes\/astra\/inc\/assets\/images\/starter-content\/professional.svg\" alt=\"\" class=\"wp-image-163\"\/><\/figure>\n\n\n\n<h3 class=\"wp-block-heading\" style=\"margin-top:16px\">L\u00e0 pour vous!<\/h3>\n\n\n\n<p>Contactez-nous pour \u00e9changer sur la venue de la Ciegale pour votre \u00e9v\u00e8nement.<\/p>\n<\/div>\n\n\n\n<div class=\"wp-block-column is-layout-flow wp-container-core-column-layout-10 wp-block-column-is-layout-flow\">\n<figure class=\"wp-block-image size-large\"><img decoding=\"async\" src=\"https:\/\/la-ciegale.fr\/wp-content\/themes\/astra\/inc\/assets\/images\/starter-content\/support.svg\" alt=\"\" class=\"wp-image-164\"\/><\/figure>\n\n\n\n<h3 class=\"wp-block-heading\" style=\"margin-top:16px\">Suivez-nous!<\/h3>\n\n\n\n<p>La Ciegale vous invite \u00e0 des \u00e9v\u00e8nements tout au long de l&rsquo;ann\u00e9e. Suivez nos r\u00e9seaux sociaux pour en savoir plus.<\/p>\n<\/div>\n<\/div>\n<\/div>\n\n\n\n<div class=\"wp-block-group alignfull has-background is-layout-constrained wp-container-core-group-layout-8 wp-block-group-is-layout-constrained\" id=\"contact\" style=\"background:linear-gradient(35deg,rgb(6,0,151) 0%,rgb(130,4,255) 64%,rgb(193,15,255) 98%);padding-top:104px;padding-bottom:104px\">\n<h2 class=\"wp-block-heading has-text-align-center has-text-color\" style=\"color:#ffffff\">Hop hop hop! On va nous follow!<\/h2>\n\n\n\n<p class=\"has-text-align-center\">Contactez-nous sur <\/p>\n\n\n\n<div class=\"wp-block-buttons alignwide is-horizontal is-content-justification-center is-layout-flex wp-container-core-buttons-layout-2 wp-block-buttons-is-layout-flex\" style=\"margin-top:50px\">\n<div class=\"wp-block-button\"><a class=\"wp-block-button__link wp-element-button\" href=\"https:\/\/www.facebook.com\/laciegale38\" target=\"_blank\" rel=\"noreferrer noopener\">Facebook<\/a><\/div>\n\n\n\n<div class=\"wp-block-button\"><a class=\"wp-block-button__link wp-element-button\" href=\"https:\/\/www.instagram.com\/la_ciegale\/\" target=\"_blank\" rel=\"noreferrer noopener\">Instagram<\/a><\/div>\n<\/div>\n\n\n\n<div class=\"wp-block-buttons is-content-justification-center is-layout-flex wp-container-core-buttons-layout-3 wp-block-buttons-is-layout-flex\">\n<div class=\"wp-block-button\"><a class=\"wp-block-button__link wp-element-button\">ciegale38@gmail.com <\/a><\/div>\n<\/div>\n<\/div>\n","protected":false},"excerpt":{"rendered":"<p>100% Grenobloise La Ciegale est grenobloise et fi\u00e8re de l&rsquo;\u00eatre! 100% Mobile Un \u00e9v\u00e8nement en t\u00eate? La Ciegale vient \u00e0 vous !! 100% Impros! L&rsquo;improvisation est le c\u0153ur de notre savoir-faire ! 100% Barr\u00e9\u00b7es Une troupe taill\u00e9e \u00e0 votre humour! Agenda 2025 \/ 2026 Le jour o\u00f9 &#8211; Seyssins- Espace Schoelcher &#8211; 7 mars Les &hellip;<\/p>\n<p class=\"read-more\"> <a class=\"\" href=\"https:\/\/la-ciegale.fr\/\"> <span class=\"screen-reader-text\">Accueil<\/span> Lire la suite\u00a0\u00bb<\/a><\/p>\n","protected":false},"author":1,"featured_media":0,"parent":0,"menu_order":0,"comment_status":"closed","ping_status":"closed","template":"","meta":{"site-sidebar-layout":"no-sidebar","site-content-layout":"plain-container","ast-site-content-layout":"","site-content-style":"default","site-sidebar-style":"default","ast-global-header-display":"","ast-banner-title-visibility":"","ast-main-header-display":"","ast-hfb-above-header-display":"","ast-hfb-below-header-display":"","ast-hfb-mobile-header-display":"","site-post-title":"disabled","ast-breadcrumbs-content":"","ast-featured-img":"","footer-sml-layout":"","theme-transparent-header-meta":"enabled","adv-header-id-meta":"","stick-header-meta":"","header-above-stick-meta":"","header-main-stick-meta":"","header-below-stick-meta":"","astra-migrate-meta-layouts":"","footnotes":""},"aioseo_notices":[],"_links":{"self":[{"href":"https:\/\/la-ciegale.fr\/index.php?rest_route=\/wp\/v2\/pages\/7"}],"collection":[{"href":"https:\/\/la-ciegale.fr\/index.php?rest_route=\/wp\/v2\/pages"}],"about":[{"href":"https:\/\/la-ciegale.fr\/index.php?rest_route=\/wp\/v2\/types\/page"}],"author":[{"embeddable":true,"href":"https:\/\/la-ciegale.fr\/index.php?rest_route=\/wp\/v2\/users\/1"}],"replies":[{"embeddable":true,"href":"https:\/\/la-ciegale.fr\/index.php?rest_route=%2Fwp%2Fv2%2Fcomments&post=7"}],"version-history":[{"count":31,"href":"https:\/\/la-ciegale.fr\/index.php?rest_route=\/wp\/v2\/pages\/7\/revisions"}],"predecessor-version":[{"id":185,"href":"https:\/\/la-ciegale.fr\/index.php?rest_route=\/wp\/v2\/pages\/7\/revisions\/185"}],"wp:attachment":[{"href":"https:\/\/la-ciegale.fr\/index.php?rest_route=%2Fwp%2Fv2%2Fmedia&parent=7"}],"curies":[{"name":"wp","href":"https:\/\/api.w.org\/{rel}","templated":true}]}}